 y(l) be the first derivative of 1/4*l**4 - 4*l - 3*l**2 - 4 + l**3. Determine y(-4).
4
Let k(w) = 10*w**2 - w - 1. Let u be k(-1). Let m = -6 + u. Let r(b) be the first derivative of -b**2/2 + 2*b + 3. What is r(m)?
-2
Let t = -133 + 136. Let c(y) = -y**2 - 2*y + 2. Calculate c(t).
-13
Let z(k) = 13*k + 81. Let i(b) = 3*b + 20. Let v(t) = -9*i(t) + 2*z(t). Determine v(0).
-18
Let f(j) = j**2 - 6*j + 1. Let q be 0/(-3) + -1 + 16. Suppose 0 = -3*s - 0*s + q. Give f(s).
-4
Let l(d) be the first derivative of d**2/2 + 4*d - 1. Let u(w) = -8*w + 9. Let i be u(4). Let s = i - -19. Calculate l(s).
0
Let o(u) = u**3 - 6*u**2 + 7*u - 2. Let g(s) = s**3 + 6*s**2 - 2*s + 12. Let r be g(-6). Let t = r - 19. Give o(t).
8
Let t(p) = -4*p**2 - 12*p + 1. Let k(a) be the second derivative of a**4/12 + a**3/2 + 2*a. Let q(b) = -9*k(b) - 2*t(b). Calculate q(-2).
0
Let x(t) = 3*t**3 + 2*t**2 - 2*t + 1. Let o(u) = u**2 + 5*u - 2. Let d be o(-5). Let w be -3*(d - 15/(-9)). Calculate x(w).
4
Let d(t) = -5*t + 2. Let w be d(1). Let x(l) = l - 4. Give x(w).
-7
Let d(w) be the third derivative of -1/8*w**6 + 0 - 1/6*w**3 - 1/30*w**5 + 0*w + 7*w**2 + 1/12*w**4. Calculate d(1).
-16
Suppose -5*o - 13 = 2*j, -3*o + j - 1 = 2*o. Let m(r) = r**2 - r - 1. Give m(o).
1
Let p(v) = v**2 + 7*v - 2. Suppose -11 = 3*g + 10. Let o(q) = q**2 + 10*q + 16. Let t be o(g). Calculate p(t).
-12
Let h(v) = -3*v + 0 + 4*v - 5. Let b(q) = -q**3 - 6*q**2 + 5*q + 26. Let x be b(-6). Calculate h(x).
-9
Let p(a) = a + 10*a**2 - 4 + 5 + 0 - 11*a**2 + 11*a**3. Give p(-1).
-12
Let z = 17 + -11. Suppose 3*y = 6 + z. Let l(x) = -x**2 + 4*x + 5. Calculate l(y).
5
Let n(d) = 13*d + 7 - 16*d - 6. Let g(l) = -4*l**3 - l**2 + l + 1. Let j be g(-1). Give n(j).
-8
Let m(y) = -y**3 + 5*y**2 - 4*y + 1. Let u(h) = h + 6. Let k be u(-3). Calculate m(k).
7
Let t = -37 - -38. Let j(p) = 7*p + 1. Determine j(t).
8
Let x(r) = -r - 5. Let c(k) = -2*k - 10. Let o(b) = -2*c(b) + 5*x(b). What is o(-3)?
-2
Let n(x) be the first derivative of 6*x + 1/4*x**4 + 5/3*x**3 + 2*x**2 - 6. Calculate n(-5).
-14
Suppose -4*z = -9*z. Suppose z = 3*v + 2*r, 3*r + 13 = -5*v + 4*r. Let a(h) = h + 2. Give a(v).
0
Let u(k) = -2 - 4*k**2 - 5*k + k**3 + 0*k + 1. Let c be u(5). Let p be (6/15)/(c/5). Let i(a) = 2*a - 2. Give i(p).
-6
Let x(w) = w**3 - 4*w**2 + 2*w. Let z be -3 - -2*2/(-4). Let f be 76/10 - 14/(-35). Let a = z + f. Determine x(a).
8
Let v(k) = -k**2 + k + 1. Let x be -2*(-2)/3*3. Let t(l) = l**2 - l - 1. Let z(h) = x*v(h) + 5*t(h). Calculate z(2).
1
Let l(u) = 2*u**3 + 2*u**2 - 2*u + 1. Let m be l(1). Suppose -m*r + 10 = -r. Let i(w) = w + 2. Let q(k) = 1. Let t(d) = i(d) - 5*q(d). Calculate t(r).
2
Let x(j) be the second derivative of -j**3/2 - j**2 + 6*j. What is x(-4)?
10
Suppose -5*r - 5 = -0. Let z(i) = -i - 28 + 28. Determine z(r).
1
Let m(u) = -u**3 + 3*u**2 - 2. Let r be m(2). Suppose -3*f + 23 = 4*o - 4*f, -4*f = r*o + 2. Let s(i) = -4*i**2 - 2*i + 3*i**2 + 5 - i + 7*i. What is s(o)?
0
Let h(x) = x**2 - x + 8. Let l be 2*-2*2/2. Let u(n) = -n**2 - 6*n - 6. Let z be u(l). Suppose 3*p - 4 = -r, 0*p - 4 = -z*p - r. Give h(p).
8
Let o(d) = -2*d - 11. Let h(y) = -y - 6. Let a(z) = 5*h(z) - 3*o(z). Give a(-6).
-3
Suppose 0 = t - 5 - 0. Let m(u) be the first derivative of -u**4/4 + 5*u**3/3 - u**2 - 11. Calculate m(t).
-10
Suppose 4*u = 4*a + 3*u - 13, -5*u - 35 = -5*a. Let w be 32/18 - 4/(-18). Let d(z) = -z**2 - 6*z - z**w + 3*z**a + 6. Give d(5).
1
Let h(p) be the second derivative of -p**3/3 + 3*p**2 - 8*p. Determine h(4).
-2
Let d(v) = -7*v - 1. Suppose 0 = t - 4 + 2. Let s(m) = m**t - 2 - 4*m + 5 + 0*m**2. Let h be s(2). Give d(h).
6
Let a(l) be the second derivative of 2*l**2 + 1/20*l**5 - 10*l + 1/3*l**4 + 5/6*l**3 + 0. Suppose -q - 4*q = 3*r + 9, 2*r - 16 = 4*q. Calculate a(q).
-2
Let o = -6 - -2. Let m(l) = l**3 + 5*l**2 + 4*l + 5. Give m(o).
5
Let t(w) = -w**3 - w**2 - 2*w - 1. Let m(h) = -h. Let y(g) = 3*m(g) - 2*t(g). Let f(a) = -a + 2. Let l be f(4). What is y(l)?
-8
Let w be -5 + 2 - 0/1. Let k(p) = 1 + 1 - 2 - 2*p + 4 - p**2. Give k(w).
1
Let p(a) = 7*a - 6. Let w(f) = -1 + 0 + 8*f - 6. Let i(l) = -6*p(l) + 5*w(l). Calculate i(-3).
7
Suppose 5*g - 5 = -0. Let o(n) = 0 + 6*n + g - 5*n. Let u(f) = 6*f - 2. Let r(t) = -3*o(t) - u(t). Calculate r(-1).
8
Let h(q) = 7*q**2 - q - 1. Suppose p = -2*p - 3. Determine h(p).
7
Suppose 5*m - m - 4 = 4*b, 0 = -5*b + m + 7. Let v(i) = 2*i - 1 + 5*i + i**3 - 56*i**2 + 63*i**b. Calculate v(-6).
-7
Let k(i) = i**2 - 8*i - 7. Let t be k(9). Let n = t - 6. Let m(p) = -p**2 - p + 1. Let v(c) = -c**2 + 4*c + 8. Let z(b) = -2*m(b) + v(b). Give z(n).
-2
Let s(u) = -u + 1. Let k(q) = q**2 - 3*q + 2. Let g(a) = 3*k(a) - 7*s(a). Let t(x) = -x**2 + 26*x - 26. Let d be t(25). Give g(d).
4
Let v(n) be the third derivative of n**5/60 + n**4/3 + 4*n**3/3 - 6*n**2. What is v(-8)?
8
Let o(v) = v**3 - 4*v**2 + 2*v + 1. Suppose 0 = -q + t + 2*t - 3, -q + 5*t - 7 = 0. Let i = q - 0. Calculate o(i).
-2
Let z = -2 + 6. Let m = -6 + z. Let b(w) = 4*w - 1 + 4 - 2*w**2 + 3*w**2. Determine b(m).
-1
Let s(q) = -q**2 + 4*q - 2. Let k(n) = 2*n**2 - 8*n + 4. Let z(b) = -4*k(b) - 7*s(b). Let c = 381 - 376. Determine z(c).
-7
Let r = 13 - 9. Suppose 2*g - 2*d = -0*d + 8, 7 = g - r*d. Let o(s) = -s - 1. Calculate o(g).
-4
Let c = 3 + 2. Let y(n) = n - 2. Let x be y(c). Let v(k) be the second derivative of -k**4/12 + k**3/3 - 2*k. Determine v(x).
-3
Let z(i) = 3*i**2 - i + 4*i**2 - 5 - 3*i**2 + 0*i**2. Let j(p) = 4*p**2 - p - 4. Let w(c) = 6*j(c) - 5*z(c). Calculate w(1).
4
Let v(t) = t**2 + 3*t + 2. Let f be v(-2). Suppose -l - l = f. Let z(n) = -n + l*n - n. What is z(-2)?
4
Let b(c) = 46*c + c**3 - 45*c - 4*c**2 + c**2. Determine b(2).
-2
Let s = 6 + -2. Suppose -s*o - 36 = -5*k - 10, 3*k + 5*o = -14. Let v(m) = -m**2 - m + 1. What is v(k)?
-5
Let p(h) = h**2 + 7*h + 2. Let j(s) = -s**2 - 3*s + 11. Let f be j(-6). Determine p(f).
2
Let n(w) be the third derivative of -w**5/60 + w**4/4 - w**3/2 + 3*w**2. Let b(f) = f**3 - 5*f**2 + 5. Let d be b(5). What is n(d)?
2
Let s(m) = m**3 + 3*m**2 - m + 2. Suppose -3*c - 12 = -0*c. Give s(c).
-10
Let v(c) be the third derivative of c**5/60 + 7*c**4/24 + 6*c**2. Determine v(-6).
-6
Suppose 3*a = 5*a - 6. Let s(z) = -3*z - 24*z**3 + 4*z**2 + 9*z**3 + 14*z**3 - 1. What is s(a)?
-1
Suppose 25 - 43 = 3*n. Let q(c) = -2*c - 5. What is q(n)?
7
Let u(i) = 2*i**2 + 2*i - 1. Let s(g) = -3*g**2 - 3*g + 2. Let n(x) = -3*s(x) - 5*u(x). Determine n(-3).
-7
Let x(f) = f + 1. Let h be ((-5)/(-10))/(2/(-28)). What is x(h)?
-6
Let k(p) = -4*p**2 - 12*p + 2. Let m(n) = 3*n**2 + 8*n - 1. Let h(q) = 5*k(q) + 7*m(q). Let g = -6 - -10. Give h(g).
3
Let u(r) be the first derivative of -2*r**2 + 4*r - 56. Give u(3).
-8
Let w(s) = 5*s + 0*s**2 + 8 - 5 + 0 - 2*s**2. What is w(4)?
-9
Let x(s) = s**3 + 3*s**2 - 5*s - 1. Suppose 0 = i + 3*v - 6*v + 15, 2*v - 10 = 3*i. Let w = i - 4. Give x(w).
3
Let u(d) be the first derivative of -4 + 0*d - 1/3*d**3 + 1/2*d**2. Determine u(3).
-6
Let q(v) = -v**3 + 3*v**2 - 9*v + 6. Let n(d) = -d**2 - d + 1. Let j(r) = -2*n(r) + q(r). Let a = 7 - 3. What is j(a)?
-8
Let x(n) = -17*n - 2. Let q be x(-2). Suppose 5*d - q = -12. Let m(p) = -p**3 + 3*p**2 + 2*p + 1. Determine m(d).
-7
Let u be (1 + 0)*(0 + 0). Suppose -c - 3*y = 2*c - 3, u = -5*c - y + 17. Let r(x) = c*x - 2*x - 5*x. Give r(-2).
6
Let y(u) = u - 1. Let w(d) = -d**3 + 4*d**2 - 2*d + 3. Let f be w(2). Determine y(f).
6
Let t(v) = -7*v**2 - 7*v - 8. Let m(k) = 3*k**2 + 4*k + 4. Let h(b) = 5*m(b) + 2*t(b). Let c(a) = 6 - 4*a - 8*a + a**2 - a + 5*a. Let z be c(6). Determine h(z).
4
Let h = -10 - -6. Let x be 37/7 - 10/35. Let m(c) = 0 + x + 4*c**2 - 4*c - 5*c**2. Give m(h).
5
Let w(s) be the third derivative of 0 + 11*s**2 + 1/24*s**4 - 11/6*s**3 + 0*s. Determine w(6).
-5
Let r(h) = -h**3 - 5*h**2 + 2*h + 2. Suppose b + 1 = -2*j - 11, 4*b = -5*j - 33. Give r(j).
-8
Let s(o) = o**3 + 15*o + 12*o + 4 - 21*o - 7*o**2 + 0*o**3. Determine s(6).
4
Let r(g) = -4*g + 3. Suppose 3*i + 32 = -4*z, i - 4*z + 14 = -2. Suppose -15 = -3*v - 0. Let m be (-4)/10 - i/v. What is r(m)?
-5
Let k(n) = -4*n - 8. Let d(p) = 5*p + 9. Let u(v) = -5*d(v) - 6*k(v). Let o(w) = -w + 6. Let y be o(5). Suppose -y = 2*t + 5. Gi